inder when (-76)/(-18) + (-2)/l is divided by 2.
0
Let j = -17 + 32. Let t(p) = p**2 - 2*p + 1. Let y be t(11). Suppose -y = -2*d + 12. Calculate the remainder when d is divided by j.
11
What is the remainder when ((-78)/(-4))/(60/80) is divided by 8?
2
What is the remainder when (-28)/(-16) - (-6760)/32 is divided by 116?
97
Suppose 18 = -0*g + 2*g. Calculate the remainder when (-1764)/(-52) - (-16)/208 is divided by g.
7
Suppose 25 = 4*d - 31. What is the remainder when (46/(-8))/(3/(-36)) is divided by d?
13
Suppose 8*f - k - k - 9006 = 0, 5*f - 5615 = 4*k. Calculate the remainder when f is divided by 24.
23
What is the remainder when 10 + 5439*6/18 is divided by 32?
31
Suppose 3201 = -26*x + 9987. What is the remainder when x is divided by 24?
21
Suppose 291*u = 294*u - 246. What is the remainder when 316 is divided by u?
70
Calculate the remainder when -54*3/(-12)*16/24 is divided by 7.
2
Let k be ((-2)/6)/(5/(-30)). Let f be 1 - (65 + (-4)/k). Let j = -38 - f. Calculate the remainder when j is divided by 9.
6
Suppose 253 = l + 3*w, -2*w - 998 = 2*l - 6*l. What is the remainder when l is divided by -7 + 29 - (-1)/1?
20
Suppose -3*g + 44 = -g. Suppose 5*c - 7 = 3. Suppose -207 = -5*i - 0*i + c*j, -2*i = 5*j - 77. What is the remainder when i is divided by g?
19
Suppose -4125 + 1428 = -31*o. What is the remainder when o is divided by 10?
7
Let r be (-2 - -1)/(4 + -5). Suppose j = -r + 5. Calculate the remainder when j is divided by 2.
0
Let d(o) = -o**3 + 4*o**2 + 7*o - 4. Let x be d(5). Suppose -5*q = -4*j + 41, q = -3*j - x + 13. Calculate the remainder when 4 is divided by j.
0
Suppose 0 = -58*f + 53*f + 85. Calculate the remainder when 236 is divided by f.
15
Let f be 215/20 - 6 - (-1)/4. Suppose -d + f*o = -111, d - 91 = o + 28. What is the remainder when d is divided by 30 - -2*1/2?
28
Let t be (-1 + 2 - 2 - 0) + 58. Let k = t - 49. What is the remainder when 21 is divided by k?
5
Let r be 0/(-5) - 1*-3. Suppose 3*c - 6 = r*j, 5 = -j + 2*j. Calculate the remainder when 12 is divided by c.
5
Suppose 5*x = -2*w + 4*w - 2, 0 = -3*w - 2*x + 22. Let k(d) = -1 - 23 + 3 + 8*d. Calculate the remainder when k(6) is divided by w.
3
Let m(g) = -g**3 + 25*g**2 - 3*g + 83. What is the remainder when 67 is divided by m(25)?
3
Suppose -3*b - 5*w = -3*w - 271, 0 = 4*b - 2*w - 352. Suppose 2*f + 2*f = 92. Calculate the remainder when b is divided by f.
20
Let y be (-6)/(-8) + (-15)/(-12). Suppose -u - 4 = -y. What is the remainder when u/7 - 233/(-7) is divided by 12?
9
Let l = 861 + -789. Calculate the remainder when 574 is divided by l.
70
Let k = 12622 + -12527. What is the remainder when k is divided by ((-2)/(-3))/((-1)/(-48))?
31
Let l(f) = f**3 + 14*f**2 - 3*f - 35. Let d be l(-14). Suppose 0 = d*a - 20*a + 312. Calculate the remainder when 94 is divided by a.
22
Let t = 2 + 18. Suppose 2*z + 8*z + 506 = 1896. What is the remainder when z is divided by t?
19
Suppose -3*x + 553 = 38*w - 43*w, 3*x - 562 = -4*w. Calculate the remainder when x is divided by 64.
58
Let q(l) = l**3 + 11*l**2 - 16*l - 12. Let p(z) = -z**2 + 7*z + 6. Let t be p(9). Calculate the remainder when q(t) is divided by 14.
8
Let d be (-201)/12 - 5/20 - -3. Let l(i) = -i**2 - 15*i - 6. What is the remainder when l(d) is divided by 5?
3
What is the remainder when 163 is divided by (36 - -19)*(-1)/(-5)?
9
Suppose 0 = -d - 58 - 102. Let u = -147 - d. Let q = -43 + 81. Calculate the remainder when q is divided by u.
12
Let n(s) = s**3 - 7*s**2 - 8*s + 16. Let d(i) = 9*i - 4. What is the remainder when d(7) is divided by n(8)?
11
Suppose -9*i + 25 + 74 = 0. Suppose a - 3 = i. What is the remainder when a is divided by 8?
6
Let l be (20 - -1) + 3 + -3. Calculate the remainder when 31 is divided by 245/l + 2/6.
7
Suppose -5*j + 3*v + 422 = 0, -8*v = 5*j - 6*v - 427. Calculate the remainder when j is divided by 75.
10
Suppose 3*m - 3*u = 7*m - 505, 4*m = 4*u + 484. Let s be -1*m/8*-2. Suppose 2 = 3*b - s. What is the remainder when 21 is divided by b?
10
Let z(i) = -15*i - 133. Calculate the remainder when 308 is divided by z(-13).
60
Suppose -5*p + 54 = -4*n - 35, p = -n + 25. Suppose -5*j - p = b, -4*b + 1 - 9 = j. Calculate the remainder when 26 is divided by (-2)/j*-2 - -8.
5
Suppose -4*r - 2*g = -18, 2*g = -r - g + 7. Suppose r*a = -v - 0*a + 39, 5*v - 5*a = 95. Suppose y - 267 = -2*y. Calculate the remainder when y is divided by v.
20
Let t be 70*((-6)/8 - 10/(-8)). Suppose -5*q - 2*k + 107 = 0, -3*q + t + 24 = -4*k. Calculate the remainder when q is divided by 9.
3
Suppose -196 + 556 = 15*i. What is the remainder when 90 is divided by i?
18
Suppose 4*d + 56 - 68 = 0. Suppose d*h = 2*h + 4*n + 146, 2*h - 2*n - 274 = 0. What is the remainder when h is divided by 34?
32
Let v = -860 - -876. Calculate the remainder when 287 is divided by v.
15
Let p = -323 + 383. Calculate the remainder when p is divided by 7.
4
Let j(y) = -2*y**3 + 64*y**2 + 3*y - 20. Calculate the remainder when j(32) is divided by 16.
12
Let v = 0 + 521. What is the remainder when v is divided by 75?
71
Suppose -7*f = -3*f - 8, -2*b = -4*f + 2. Suppose 3 + 0 = b*l. What is the remainder when 1 + (4/1)/l is divided by 4?
1
Suppose 0 = -3*u + 5*d + 20, 4*d + 42 = -4*u + 9*u. Calculate the remainder when 29 is divided by u.
9
Suppose 2*r - 7*r - 4*j = -16, 2*j = -3*r + 10. Suppose 2*g = -3*b - 3*g + 128, -5*g + 164 = r*b. What is the remainder when 106 is divided by b?
34
Let y(g) = 3*g + 47. Let a be y(-15). Suppose x - 4 = 0, -3*o + 4*x + 17 = -138. Calculate the remainder when o is divided by (8 + -2)/a + 24 - -2.
28
Suppose -36*c = 107*c - 90233. Calculate the remainder when c is divided by 161.
148
Let r = 334 - 274. What is the remainder when r is divided by 16?
12
Let u = 93 - 67. What is the remainder when 335 is divided by u?
23
Let g = -1386 - -1411. Calculate the remainder when 271 is divided by g.
21
Let i(o) = -o + 39. Calculate the remainder when i(26) is divided by 4 + (-2 - 1) + 2.
1
Suppose -27*v - 5*b = -22*v - 2150, v = -2*b + 429. What is the remainder when v is divided by 20?
11
Suppose 0 = -4*l - 3*l + 742. Suppose 0 = g + o - 13, 4*o - l + 43 = -5*g. Calculate the remainder when g is divided by 4.
3
Let a = -15319 + 15322. Suppose k + 1 = 0, z - k - 7 = -0*z. Calculate the remainder when z is divided by a.
0
Let i(y) be the first derivative of y**4/4 + 10*y**3/3 - y**2 - 15*y + 15. What is the remainder when i(-10) is divided by 3?
2
Suppose -2*w - b = -160, -b - 152 = -2*w + 2*b. Suppose -21 = -5*d + w. What is the remainder when 38 is divided by d?
18
Let n be (-4)/(-2)*18/12. Suppose 15 = 2*c + n*c. What is the remainder when 21*1*(-2 + c) is divided by 8?
5
Let g = -9 - -16. Let c(s) = 3*s**2 - 29*s - 32. Calculate the remainder when c(11) is divided by g.
5
Suppose 3*d = 22 + 44. Suppose -5*f + 5 = -10*f, 86 = 3*m + 4*f. What is the remainder when m is divided by d?
8
Let y = -24 - -36. Suppose 97 = 15*l - 8. What is the remainder when y is divided by l?
5
Suppose 0*x - 4*x + 380 = 0. Suppose x = 4*b - 197. What is the remainder when b is divided by 26?
21
Let n(o) = o**3 + 3*o**2 - 3*o + 3. Let f be n(-3). Let m be (-2)/(-3)*(-4)/8*-48. Let a = m - f. What is the remainder when a is divided by 1?
0
Let t be (-27)/(-6)*8/12. Suppose t*p = 3*o - 0*p - 45, -3*p = -o + 11. What is the remainder when (2 - 142/6)*-3 is divided by o?
14
What is the remainder when 6/(72/(-474))*-4 is divided by 10?
8
Suppose -o - 6*o = -63. Suppose -5*z + 0 + 10 = 0. What is the remainder when (-51)/(-6)*z - 0 is divided by o?
8
Suppose 3*g + 11 - 47 = 0. Suppose 5*o + 0*t - t + 15 = 0, -2*t + 10 = 0. Calculate the remainder when -5*14/(0 + o) is divided by g.
11
Suppose 0 = -x - 3*f - 2*f + 18, 2*x + 5*f - 21 = 0. Suppose x*s - 137 = -35. Calculate the remainder when s is divided by (9/5)/((-14)/(-140)).
16
Let q(u) = -u**2 - 4*u + 7. Let x(o) = -4*o**2 + 8*o. Let a be x(4). Let v = a + 64. Calculate the remainder when v is divided by q(-4).
4
Let c = 59 - -52. Let s(w) = -7*w + 72. Calculate the remainder when c is divided by s(8).
15
Let a be 2/((-5)/((-15)/(-2))). Let l(p) = -4*p + 1. Let s be l(a). Suppose -2*o = s - 237. What is the remainder when o is divided by 38?
36
Let m = -133 - -252. Calculate